{"version":"1.0","provider_name":"bip4ex","provider_url":"https:\/\/helloproject.es\/vigilancia","author_name":"Luis Miguel Mej\u00edas Ramos","author_url":"https:\/\/helloproject.es\/vigilancia\/author\/luismi\/","title":"Conflicto entre \u00f3rganos constitucionales n.\u00ba 4142-2025","type":"rich","width":600,"height":338,"html":"<blockquote class=\"wp-embedded-content\" data-secret=\"8YqGlmNSDe\"><a href=\"https:\/\/helloproject.es\/vigilancia\/conflicto-entre-organos-constitucionales-n-o-4142-2025\/\">Conflicto entre \u00f3rganos constitucionales n.\u00ba 4142-2025<\/a><\/blockquote><iframe sandbox=\"allow-scripts\" security=\"restricted\" src=\"https:\/\/helloproject.es\/vigilancia\/conflicto-entre-organos-constitucionales-n-o-4142-2025\/embed\/#?secret=8YqGlmNSDe\" width=\"600\" height=\"338\" title=\"\u00abConflicto entre \u00f3rganos constitucionales n.\u00ba 4142-2025\u00bb \u2014 bip4ex\" data-secret=\"8YqGlmNSDe\" frameborder=\"0\" marginwidth=\"0\" marginheight=\"0\" scrolling=\"no\" class=\"wp-embedded-content\"><\/iframe><script>\n\/*! This file is auto-generated *\/\n!function(d,l){\"use strict\";l.querySelector&&d.addEventListener&&\"undefined\"!=typeof URL&&(d.wp=d.wp||{},d.wp.receiveEmbedMessage||(d.wp.receiveEmbedMessage=function(e){var t=e.data;if((t||t.secret||t.message||t.value)&&!\/[^a-zA-Z0-9]\/.test(t.secret)){for(var s,r,n,a=l.querySelectorAll('iframe[data-secret=\"'+t.secret+'\"]'),o=l.querySelectorAll('blockquote[data-secret=\"'+t.secret+'\"]'),c=new RegExp(\"^https?:$\",\"i\"),i=0;i<o.length;i++)o[i].style.display=\"none\";for(i=0;i<a.length;i++)s=a[i],e.source===s.contentWindow&&(s.removeAttribute(\"style\"),\"height\"===t.message?(1e3<(r=parseInt(t.value,10))?r=1e3:~~r<200&&(r=200),s.height=r):\"link\"===t.message&&(r=new URL(s.getAttribute(\"src\")),n=new URL(t.value),c.test(n.protocol))&&n.host===r.host&&l.activeElement===s&&(d.top.location.href=t.value))}},d.addEventListener(\"message\",d.wp.receiveEmbedMessage,!1),l.addEventListener(\"DOMContentLoaded\",function(){for(var e,t,s=l.querySelectorAll(\"iframe.wp-embedded-content\"),r=0;r<s.length;r++)(t=(e=s[r]).getAttribute(\"data-secret\"))||(t=Math.random().toString(36).substring(2,12),e.src+=\"#?secret=\"+t,e.setAttribute(\"data-secret\",t)),e.contentWindow.postMessage({message:\"ready\",secret:t},\"*\")},!1)))}(window,document);\n\/\/# sourceURL=https:\/\/helloproject.es\/vigilancia\/wp-includes\/js\/wp-embed.min.js\n<\/script>\n","description":"Conflicto entre \u00f3rganos constitucionales n.\u00ba 4142-2025, en relaci\u00f3n con el Acuerdo de 17 de marzo de 2025 de disconformidad (\u201cveto presupuestario\u201d ex art. 134.6 de la Constituci\u00f3n Espa\u00f1ola) con la tramitaci\u00f3n de las enmiendas n\u00fameros 5, 104, 109 y 110, aprobadas por el Pleno del Senado, respecto del Proyecto de Ley de prevenci\u00f3n de las [&hellip;]"}

Luis Miguel Mejías Ramos

Conflicto entre órganos constitucionales n.º 4142-2025

<blockquote class="wp-embedded-content" data-secret="8YqGlmNSDe"><a href="https://helloproject.es/vigilancia/conflicto-entre-organos-constitucionales-n-o-4142-2025/">Conflicto entre órganos constitucionales n.º 4142-2025</a></blockquote><iframe sandbox="allow-scripts" security="restricted" src="https://helloproject.es/vigilancia/conflicto-entre-organos-constitucionales-n-o-4142-2025/embed/#?secret=8YqGlmNSDe" width="600" height="338" title="«Conflicto entre órganos constitucionales n.º 4142-2025» — bip4ex" data-secret="8YqGlmNSDe" frameborder="0" marginwidth="0" marginheight="0" scrolling="no" class="wp-embedded-content"></iframe><script>
/*! This file is auto-generated */
!function(d,l){"use strict";l.querySelector&&d.addEventListener&&"undefined"!=typeof URL&&(d.wp=d.wp||{},d.wp.receiveEmbedMessage||(d.wp.receiveEmbedMessage=function(e){var t=e.data;if((t||t.secret||t.message||t.value)&&!/[^a-zA-Z0-9]/.test(t.secret)){for(var s,r,n,a=l.querySelectorAll('iframe[data-secret="'+t.secret+'"]'),o=l.querySelectorAll('blockquote[data-secret="'+t.secret+'"]'),c=new RegExp("^https?:$","i"),i=0;i<o.length;i++)o[i].style.display="none";for(i=0;i<a.length;i++)s=a[i],e.source===s.contentWindow&&(s.removeAttribute("style"),"height"===t.message?(1e3<(r=parseInt(t.value,10))?r=1e3:~~r<200&&(r=200),s.height=r):"link"===t.message&&(r=new URL(s.getAttribute("src")),n=new URL(t.value),c.test(n.protocol))&&n.host===r.host&&l.activeElement===s&&(d.top.location.href=t.value))}},d.addEventListener("message",d.wp.receiveEmbedMessage,!1),l.addEventListener("DOMContentLoaded",function(){for(var e,t,s=l.querySelectorAll("iframe.wp-embedded-content"),r=0;r<s.length;r++)(t=(e=s[r]).getAttribute("data-secret"))||(t=Math.random().toString(36).substring(2,12),e.src+="#?secret="+t,e.setAttribute("data-secret",t)),e.contentWindow.postMessage({message:"ready",secret:t},"*")},!1)))}(window,document);
//# sourceURL=https://helloproject.es/vigilancia/wp-includes/js/wp-embed.min.js
</script>

Conflicto entre órganos constitucionales n.º 4142-2025, en relación con el Acuerdo de 17 de marzo de 2025 de disconformidad (“veto presupuestario” ex art. 134.6 de la Constitución Española) con la tramitación de las enmiendas números 5, 104, 109 y 110, aprobadas por el Pleno del Senado, respecto del Proyecto de Ley de prevención de las [&hellip;]
